1 a factor of 3650?
False
Is 7360 a multiple of 20?
True
Is 11 a factor of 1843?
False
Is 21 a factor of 7371?
True
Does 10 divide 210?
True
Does 23 divide 3956?
True
Is 390 a multiple of 5?
True
Is 13 a factor of 745?
False
Is 1094 a multiple of 27?
False
Is 55 a factor of 23630?
False
Is 1594 a multiple of 45?
False
Does 29 divide 16726?
False
Is 29892 a multiple of 141?
True
Is 109 a factor of 109?
True
Does 22 divide 902?
True
Is 84 a multiple of 21?
True
Does 5 divide 632?
False
Does 100 divide 1960?
False
Is 9 a multiple of 6?
False
Does 76 divide 2028?
False
Is 45 a factor of 3133?
False
Is 405 a multiple of 2?
False
Does 3 divide 99?
True
Is 128 a factor of 33280?
True
Is 68566 a multiple of 9?
False
Is 31 a factor of 19685?
True
Does 43 divide 89445?
False
Is 10066 a multiple of 14?
True
Does 53 divide 742?
True
Is 7 a factor of 3365?
False
Does 51 divide 1500?
False
Does 25 divide 2700?
True
Is 20 a factor of 5832?
False
Is 35144 a multiple of 201?
False
Is 7 a factor of 11592?
True
Does 13 divide 13210?
False
Is 117 a multiple of 13?
True
Is 46 a factor of 1748?
True
Does 16 divide 75456?
True
Does 24 divide 1003?
False
Is 15 a factor of 4985?
False
Does 137 divide 111381?
True
Is 14 a factor of 338?
False
Is 10 a factor of 2971?
False
Does 8 divide 880?
True
Does 9 divide 405?
True
Does 7 divide 32193?
True
Does 8 divide 5224?
True
Does 17 divide 860?
False
Is 120 a multiple of 10?
True
Does 36 divide 2016?
True
Is 19720 a multiple of 145?
True
Is 13536 a multiple of 188?
True
Is 55728 a multiple of 27?
True
Is 1357 a multiple of 13?
False
Does 4 divide 245?
False
Is 241 a factor of 5061?
True
Is 2940 a multiple of 84?
True
Is 94 a factor of 2350?
True
Is 10 a factor of 710?
True
Is 1081 a multiple of 47?
True
Is 516 a multiple of 12?
True
Is 43848 a multiple of 27?
True
Does 6 divide 1011?
False
Is 84 a factor of 4704?
True
Is 42651 a multiple of 15?
False
Is 28 a factor of 5703?
False
Does 8 divide 4894?
False
Is 777 a multiple of 24?
False
Does 11 divide 448?
False
Does 100 divide 61000?
True
Is 500 a multiple of 20?
True
Does 21 divide 2253?
False
Does 13 divide 68483?
False
Does 14 divide 818?
False
Is 6463 a multiple of 88?
False
Does 18 divide 4266?
True
Is 26 a factor of 1586?
True
Does 58 divide 5104?
True
Is 32 a factor of 35920?
False
Is 14 a factor of 22694?
True
Does 81 divide 52650?
True
Is 41246 a multiple of 41?
True
Is 21466 a multiple of 16?
False
Is 56 a factor of 876?
False
Is 12 a factor of 264?
True
Is 38780 a multiple of 14?
True
Does 18 divide 2448?
True
Is 11321 a multiple of 38?
False
Is 1430 a multiple of 13?
True
Is 1604 a multiple of 33?
False
Does 39 divide 2155?
False
Is 1560 a multiple of 24?
True
Is 71586 a multiple of 41?
True
Is 1068 a multiple of 63?
False
Is 17040 a multiple of 24?
True
Does 7 divide 112?
True
Is 10 a factor of 2040?
True
Is 8260 a multiple of 14?
True
Is 21756 a multiple of 74?
True
Is 31 a factor of 899?
True
Is 703 a multiple of 37?
True
Does 244 divide 13786?
False
Is 20 a factor of 145405?
False
Is 23 a factor of 31785?
False
Is 388 a multiple of 41?
False
Is 12 a factor of 3024?
True
Is 15 a factor of 33435?
True
Is 130 a multiple of 2?
True
Is 85 a factor of 56015?
True
Does 9 divide 36540?
True
Does 64 divide 12480?
True
Is 123 a factor of 9483?
False
Is 63 a factor of 3969?
True
Does 155 divide 9723?
False
Is 130 a multiple of 4?
False
Is 7255 a multiple of 5?
True
Does 15 divide 1417?
False
Is 76 a factor of 293?
False
Is 970 a multiple of 35?
False
Does 27 divide 59565?
False
Is 13 a factor of 7429?
False
Is 276 a factor of 55752?
True
Does 4 divide 15693?
False
Does 6 divide 165?
False
Does 44 divide 8068?
False
Does 46 divide 4075?
False
Does 33 divide 990?
True
Does 9 divide 81?
True
Is 41364 a multiple of 12?
True
Is 27 a factor of 1836?
True
Is 25 a factor of 825?
True
Does 63 divide 819?
True
Does 192 divide 43968?
True
Is 280 a multiple of 5?
True
Is 3 a factor of 5379?
True
Is 5 a factor of 2852?
False
Is 31 a factor of 2697?
True
Is 16 a factor of 608?
True
Is 4402 a multiple of 62?
True
Does 78 divide 10240?
False
Is 38 a factor of 527?
False
Does 14 divide 9007?
False
Does 120 divide 15960?
True
Is 1938 a multiple of 6?
True
Does 24 divide 696?
True
Is 189 a factor of 5977?
False
Is 7530 a multiple of 30?
True
Does 13 divide 128856?
True
Is 30713 a multiple of 35?
False
Is 7562 a multiple of 52?
False
Does 7 divide 74?
False
Is 7 a factor of 133?
True
Does 58 divide 56241?
False
Does 13 divide 483?
False
Does 77 divide 9870?
False
Is 93 a factor of 585?
False
Does 43 divide 6192?
True
Is 7112 a multiple of 127?
True
Is 3127 a multiple of 11?
False
Does 22 divide 242?
True
Is 38 a factor of 6718?
False
Is 37 a factor of 214?
False
Is 12 a factor of 5724?
True
Is 934 a multiple of 4?
False
Is 15 a factor of 10597?
False
Does 20 divide 1334?
False
Is 19 a factor of 146718?
True
Does 29 divide 1806?
False
Does 19 divide 494?
True
Is 36 a factor of 2981?
False
Is 229 a multiple of 7?
False
Is 23417 a multiple of 78?
False
Does 13 divide 6256?
False
Does 35 divide 441?
False
Is 15050 a multiple of 50?
True
Is 58 a factor of 46085?
False
Is 83 a factor of 8051?
True
Is 20 a factor of 594?
False
Is 1047 a multiple of 15?
False
Is 29 a factor of 5133?
True
Is 1322 a multiple of 63?
False
Does 156 divide 4992?
True
Does 3 divide 30?
True
Is 829 a multiple of 21?
False
Does 15 divide 358?
False
Is 77409 a multiple of 141?
True
Is 26 a factor of 22724?
True
Does 27 divide 438?
False
Does 13 divide 33202?
True
Is 18948 a multiple of 12?
True
Is 18842 a multiple of 10?
False
Is 12 a factor of 2301?
False
Does 12 divide 187?
False
Does 23 divide 313?
False
Is 12 a factor of 703?
False
Is 44106 a multiple of 29?
False
Does 4 divide 5581?
False
Is 15351 a multiple of 51?
True
Is 73 a factor of 1460?
True
Does 60 divide 2160?
True
Is 1185 a multiple of 106?
False
Is 36562 a multiple of 181?
True
Is 364 a multiple of 72?
False
Does 83 divide 21497?
True
Does 82 divide 9266?
True
Does 21 divide 483?
True
Is 28608 a multiple of 149?
True
Does 78 divide 546?
True
Is 22 a factor of 57992?
True
Is 648 a multiple of 54?
True
Is 128 a factor of 27503?
False
Does 7 divide 4079?
False
Is 31 a factor of 30690?
True
Is 11 a factor of 6281?
True
Is 16 a factor of 608?
True
Is 40 a factor of 93?
False
Is 187 a multiple of 11?
True
Does 10 divide 8552?
False
Is 111 a factor of 33522?
True
Does 11 divide 2167?
True
Is 5 a factor of 44435?
True
Is 62 a multiple of 62?
True
Is 39 a factor of 10814?
False
Is 55 a factor of 16390?
True
Is 1690 a multiple of 26?
True
Does 7 divide 105?
True
Is 13 a factor of 650?
True
Does 3 divide 304?
False
Is 5390 a multiple of 14?
True
Is 234 a multiple of 6?
True
Is 28 a factor of 1008?
True
Is 37236 a multiple of 87?
True
Is 242 a multiple of 38?
False
Is 3002 a multiple of 38?
True
Does 9 divide 702?
True
Does 64 divide 21632?
True
Does 5 divide 9850?
True
Does 39 divide 29952?
True
Does 23 divide 5726?
False
Is 189 a factor of 51408?
True
Is 5730 a multiple of 15?
True
Does 158 divide 5557?
False
Does 2 divide 1598?
True
Is 5 a factor of 5100?
True
Is 25530 a multiple of 111?
True
Does 10 divide 248?
False
Does 37 divide 4056?
False
Does 10 divide 510?
True
Does 45 divide 270?
True
Is 48 a factor of 1315?
False
Does 154 divide 61908?
True
Does 134 divide 5226?
True
Is 2 a factor of 8?
True
Is 11 a factor of 8344?
False
Is 13367 a multiple of 33?
False
Does 50 divide 860?
False
Is 26 a factor of 23504?
True
Is 390 a multiple of 13?
True
Does 145 divide 5945?
True
Does 59 divide 3148?
False
Is 3472 a multiple of 14?
True
Is 10 a factor of 5352?
False
Is 12 a factor of 1129?
False
Is 358 a multiple of 8?
False
Is 17 a factor of 28578?
False
Is 1430 a multiple of 26?
True
Does 24 divide 15575?
False
Is 3064 a multiple of 67?
False
Is 936 a multiple of 26?
True
Is 114 a factor of 114?
True
Is 484 a factor of 20328?
True
Does 75 divide 5550?
True
Is 728 a multiple of 7?
True
Is 6 a factor of 425?
False
Is 4899 a multiple of 4?
False
Is 1840 a multiple of 23?
True
Is 46 a factor of 8556?
True
Is 7656 a multiple of 87?
True
Is 365 a multiple of 36?
False
Is 6348 a multiple of 6?
True
Is 162 a multiple of 13?
False
Is 14 a factor of 2534?
True
Does 53 divide